
Let d(p) = -p**2 - 7*p + 2. Let b(t) = 3*t**2 - 3. Let i(s) = 7*s**2 - s - 6. Let o(v) = -5*b(v) + 2*i(v). Let w be o(-4). List the prime factors of d(w).
2, 3
Let b(q) = q**3 + 3 - 5 + 2 + 1. What are the prime factors of b(2)?
3
Let f(j) = j**2 + 13*j - 20. Let v be f(-15). Let z(c) = -c + 18. List the prime factors of z(v).
2
Let v = 22 - -74. Suppose 0 = -p - p + v. Suppose -2*s - 4*d - p = -6*s, -15 = 5*d. What are the prime factors of s?
3
Suppose -6*f + 3*f = -135. List the prime factors of f.
3, 5
Let u(r) = r**2 - 3*r - 10. Let b be u(4). Let p = -15 - -7. Let m = b - p. What are the prime factors of m?
2
Let p = 30 - 45. Let g be -1*2 - (1 + -4). Let z = g - p. List the prime factors of z.
2
Suppose 4 = -2*g - 4. List the prime factors of (-319)/(-11) + g/(-2).
31
List the prime factors of (0 + 4)/(-4) + 12.
11
Let l(n) be the second derivative of 0*n**3 + 3*n**2 + 2*n + 1/20*n**5 + 0 - 5/12*n**4. What are the prime factors of l(5)?
2, 3
List the prime factors of 9367/119 - (1 - 18/14).
79
Let u(n) = n**3 + 2*n + 5 - 10 + 3*n**2 + 5*n**2. List the prime factors of u(-5).
2, 3, 5
Suppose f + 91 = 6*f - 4*y, -4*f = 4*y - 44. Let h = 10 - f. Let x = h + 10. What are the prime factors of x?
5
Suppose 0 = -2*q - m + 132, 0 = 4*q - 0*m + m - 264. What are the prime factors of q?
2, 3, 11
Let t be ((-8)/6)/((-6)/45). What are the prime factors of (32/t)/((-24)/(-60))?
2
Let t = -98 - -188. What are the prime factors of t?
2, 3, 5
Let q(z) = 5*z**3 + z**2 + 2*z + 3. Let r be q(-2). Let b be 2/(-5) + r/(-5). Let d = b + -3. What are the prime factors of d?
2
Let o(g) = 4*g**2 - 1. Let i be o(1). Let j(r) = -i + 8 + 0*r - 2*r. What are the prime factors of j(-4)?
13
Suppose -3*h + h = -20. Let q(n) = n**2 + 8*n + 8. Let g be q(-8). List the prime factors of g/20 - (-146)/h.
3, 5
Let r = -519 - -768. What are the prime factors of r?
3, 83
Suppose 0 = 6*q - 5*q - 6. Suppose -q*d + 11*d - 190 = 0. List the prime factors of d.
2, 19
Suppose -48 + 300 = 3*f. What are the prime factors of f?
2, 3, 7
List the prime factors of 50 - -3*(3 - 2).
53
Let m(j) = -j**2 + 1. Let z(s) = 5*s**2. Let o(u) = m(u) + z(u). Let h be o(-1). Let v(l) = 2*l - 2. What are the prime factors of v(h)?
2
Suppose 0 = -z - 0*z + 3. Let w = z + -1. Suppose 5*f + 4*j - 10 = 0, w*j = 2*f + 3*f - 10. What are the prime factors of f?
2
Let p be (-1)/(-1) - -2 - 0. Let b(v) = 4*v + 2. What are the prime factors of b(p)?
2, 7
Suppose x + 3*i = 39, 2*x + 2*i + 29 = 99. What are the prime factors of x?
3, 11
Let m = 0 - -4. Suppose t - 5*h = -4*t, 3*t - m = 2*h. What are the prime factors of t?
2
Let o(b) = b**3 - 11*b**2 + b + 8. List the prime factors of o(11).
19
Let p(r) be the first derivative of r**3 - r**2 + 2*r - 4. List the prime factors of p(2).
2, 5
What are the prime factors of (-32)/(-6) - (-22)/33?
2, 3
Let m(g) = -5*g - 7. Let n be m(-2). Suppose 39 = n*z - 12. List the prime factors of z.
17
Let r be 0*1/(-6)*-3. Suppose r = f + f - 48. Suppose -2*m + f = m. What are the prime factors of m?
2
Suppose -5*u + 0*u + 280 = 0. List the prime factors of u.
2, 7
Let t = 37 - -20. What are the prime factors of t?
3, 19
Let r(d) = 4*d**2 - d + 1. What are the prime factors of r(-2)?
19
Suppose -2*u = -d + 37, -4*u = -2*u - 5*d + 33. Let a be (-4 - -3)*-2 - u. Let q = a - 14. What are the prime factors of q?
7
Let t(a) = -a**3 + 9*a**2 - 4*a + 4. List the prime factors of t(6).
2, 11
Let y(m) = -m**3 + 9*m**2 - 8*m - 4. Let c be y(8). Let q be (-1)/4*2*c. List the prime factors of 3*(3 - q - 0).
3
Suppose 0*a - 2*a = -34. Suppose 0 = 3*p - 5*v - 76, 3*v + 66 + a = 4*p. List the prime factors of p.
17
Let t = 58 + -12. Let d = t + -15. What are the prime factors of d?
31
List the prime factors of 272/12*6/4.
2, 17
Let l(x) = -2*x - 7. Let z(r) = 4*r - r - 4*r - 6. Let u(f) = -2*l(f) + 3*z(f). List the prime factors of u(9).
5
Suppose 0 = 4*c - 0*c - 128. List the prime factors of ((-18)/(-24))/(2/c).
2, 3
Suppose -3*d + 80 = 2*s, 4*d - 5*s - 84 = -2*s. Suppose 4*t + 2*j = -0*j - d, t + 12 = -2*j. List the prime factors of (-2)/(-3)*3 - t.
2, 3
Let p(m) = 16*m**2 + 6*m + 7. What are the prime factors of p(-2)?
59
Let j be 1/5 - (-30)/(-25). What are the prime factors of j*8*4/(-8)?
2
Let x(q) = -18*q - 34. What are the prime factors of x(-7)?
2, 23
Suppose 0 = -3*j - 33 + 54. What are the prime factors of j?
7
Suppose 3 - 23 = -4*v. Suppose -115 - 11 = -v*x + 3*w, 4*x = -3*w + 117. What are the prime factors of x?
3
Let x(o) = 15*o**2 - o + 1. Let a be x(1). Suppose -2*g - g = a. What are the prime factors of 1/((-11)/g - 2)?
5
Let z(b) = 2*b**2 - 10*b - 11. Let q = -5 - -13. List the prime factors of z(q).
37
Let a(l) = -l**2 - 12*l + 13. Let k(f) = -f**2 - 12*f + 12. Let w(m) = -4*a(m) + 5*k(m). What are the prime factors of w(-9)?
5, 7
Let h(u) = -u + 14. Let n be h(0). Suppose n = b + b. Suppose 2*l - 1 = b. What are the prime factors of l?
2
Suppose w = -3*i + 250, -98 = -3*i + 5*w + 128. What are the prime factors of i?
2, 41
List the prime factors of 1*(57 + (1 - 3)).
5, 11
Suppose -22 = 5*y - 5*d + d, 3*y = -2*d. Let j be 1 + y - (-2 + -3). Suppose 2*s = 4*b + 30, 4*s + 5*b = -j + 12. List the prime factors of s.
7
Let k be 33/9 - 4/6. Suppose k*z - 5 - 4 = 0. Suppose 16 = 5*d - z*d. List the prime factors of d.
2
Let i be (-2 - 1*-4) + 1. Let d = i + -2. Suppose -4*y - 22 = -r, 2*r + y - d = -2. What are the prime factors of r?
2
Let y(x) = -2*x + 0 - 1 + x - 9. Let v be y(-11). List the prime factors of (2 + 0)/(v/7).
2, 7
Let o(m) = m**3 - 8*m**2 + 8*m + 2. Let h(u) = u**3 - 7*u**2 + 6*u + 7. Let f be h(6). List the prime factors of o(f).
3
Suppose -5 = 4*h - 13. List the prime factors of 1/(-2) - (-59)/h.
29
Suppose 4*g - 6 = 2. Suppose -g*l - 74 = k - 5*k, -l = 1. What are the prime factors of k?
2, 3
Suppose -5*g + 106 = -4*d, 0*d - 58 = -3*g + d. What are the prime factors of g?
2, 3
Let l(a) = a**3 - 4*a**2 + 5*a - 4. Let h be l(3). Suppose 0 = 4*m - 4*y - 8, -m - h*y = 4*m - 31. Suppose -m*c + 15 = -10. What are the prime factors of c?
5
Suppose 10 = -3*q + s, q + 0*s + 2*s = -8. Let n(f) be the first derivative of f**3/3 + f**2 - 1. List the prime factors of n(q).
2
Let v = -8 + 8. Suppose -2*z - 3*o + 27 = z, v = o + 5. List the prime factors of z.
2, 7
Let d(f) = f**2 + 7*f + 16. What are the prime factors of d(-14)?
2, 3, 19
Suppose 45 = 5*j - 5*k, j + 5*k + 39 = 5*j. Let w(m) = -m + 3. Let i be w(3). List the prime factors of 4/j*9 - i.
2, 3
Let o(s) = 3*s + 4. Let y be o(-4). Let m = 16 + y. What are the prime factors of m?
2
Let f = 6 + -5. Suppose -19 = -4*h + f. Suppose -y + 3*i + 7 = 0, 0 = -4*y - 0*i + h*i + 49. What are the prime factors of y?
2
Let w be (-2 - 4*-2)/2. Suppose 2*m = -x - 3 + 13, -2*x = m - 11. Suppose w*s + 2 = -2*k + k, x*k = -5*s + 6. List the prime factors of k.
2
Suppose -2*v + 2 = n - 0*v, -4*n - v + 8 = 0. Suppose -3*p = -2*k + 28, 0*p + 4*p = -n*k. List the prime factors of k.
2
Suppose -2*z = -3*z + g - 2, -4*z = 5*g + 44. Let b(r) = -r**3 - 6*r**2 - 3*r - 7. What are the prime factors of b(z)?
11
Let r(o) = 2*o. Let p be r(-1). Let m(d) = -d**3 - 3*d - 2. List the prime factors of m(p).
2, 3
Let w(y) = -3*y - 3. Suppose -2*i + 0*i = 10. List the prime factors of w(i).
2, 3
Let w(l) = 201*l + 6. What are the prime factors of w(2)?
2, 3, 17
Let p(d) be the third derivative of 7*d**5/30 + d**3/6 - 3*d**2. What are the prime factors of p(1)?
3, 5
Let f be 12/4 + 3/3. Suppose -4*x - 3 = -5*x, -2*x + f = -g. Suppose -l = 1, 2*l - 5 = -g*u + 19. List the prime factors of u.
13
Suppose 0 = d - 5*j + 2 + 1, 0 = 2*d - 4*j. Suppose 5*t - 12 = t - 5*l, d*t = 3*l + 28. What are the prime factors of t?
2
Suppose 3 = 3*s - 15. Let d(x) = 2*x - 1. List the prime factors of d(s).
11
Let r = 18 - 25. Let q = r + 11. Suppose 0 = 2*p - 4*l + 14 - 48, -3*p + 51 = -q*l. What are the prime factors of p?
17
Let i(s) = -s**3 + 10*s**2 + 6*s - 12. What are the prime factors of i(10)?
2, 3
Let j(t) be the first derivative of -5*t**3/3 + 21*t**2/2 + 5*t - 3. Let l(z) = -z**2 + 4*z + 1. Let n(g) = 2*j(g) - 11*l(g). List the prime factors of n(4).
7
Let c(p) = 2*p - 11. Let f be c(8). Suppose t - 37 = -3*w, -f*t + 0*w + 143 = w. What are the prime f